- (-20 - 0)) + (-2 - -12)
23
What is (1 + 89 - (-83 + 94)) + -38?
41
Calculate 20 - (-13 + -20 + 61).
-8
4 + (33 - -12 - 55) + -1 + 14
7
What is -1 + (-1 - 4) + (-2 - -3) - 3 - 7?
-15
Evaluate (23 - (-12 + 15)) + 36 + -14.
42
What is -158 - -142 - (-7 - (-5 + -3))?
-17
What is 3 + 2 - ((-1 - -4 - 4) + 28 - 11)?
-11
What is the value of -11 - ((24 + -93 - 10) + 5)?
63
What is 4 + 4 + -3 + -7 - ((-44 - -30) + 132)?
-120
Evaluate 524 + -299 + -144 + (-31 - 1).
49
Calculate -34 + 78 + -37 - -31 - 111.
-73
Calculate 24 + -20 + 29 + -18 + 40.
55
What is 1302 + -1452 + (99 - 0)?
-51
What is (4 + 31 + -17 - (-1 - 7)) + -14?
12
Calculate (-3 - (0 + -1)) + -40521 + 40596.
73
Calculate -4 + 31 + (-930 - -905).
2
Calculate 7 - (-6 - -1) - (336 + -321).
-3
147 + -128 + -112 - -121
28
-23 - (-111 + 18 + -39) - -8
117
Evaluate (1 - 59) + -983 + 988.
-53
Calculate -14 + (-2 - (-4 - -3)) + 1491 + -1543.
-67
What is the value of -16 + 57 - (-87 - -95)?
33
-1069 + 1084 - (-1 - -86)
-70
Calculate (-300 - -405) + (10 - 23).
92
What is the value of -16 - (-4 + 74) - -39?
-47
What is -8 + -1 + 6 + -54 + 45 - -1?
-11
Calculate 97 - (2 + 19 + (-18 + 15 - 2)).
81
What is 24 + 25 + 5 + 5 + 21?
80
Evaluate 0 + 22 - (59 + (-140 - -37)).
66
Evaluate (-1 - 30) + 37 + -18 + 15 - (-1 + -83).
87
What is -112 + 18 + (-13 - 8 - -10) - (7 + -20)?
-92
What is -6 - -53 - 1 - (-7 + (-3 - -10) + -6)?
52
What is the value of (-2150 - -2110) + (1 - -154)?
115
Calculate 1 + 6 + 4 + (-17 + -8 - -35).
21
What is the value of 32 - ((248 - 280) + -1 + 15)?
50
Calculate 5 + (24 + (13 - (-2 - -26)) - 12).
6
Evaluate 0 + -3 + 13 + 0 + (44 - 45).
9
What is 3825 + -3771 - (-1 - -60)?
-5
What is (114 + -17 - 79) + -122?
-104
What is the value of 30 - 2 - (0 - (-108 + 43))?
-37
6 + -3 + 10 - (-28 + -97 + 84)
54
Evaluate 5 - (52 + -146 + 69).
30
Calculate 46 + (-72 - -10) + 15.
-1
Evaluate 29 + 8 + -86 + -43.
-92
-63 - (-176 + 169 - ((-2 - -5) + -10 + 2))
-61
Evaluate -19 - (-9 + 1) - (28 - 49 - -28).
-18
What is the value of 9 + (-86 - 10) + 55?
-32
What is 7 - -74 - -7 - (18 - -34 - 54)?
90
What is the value of 60 - (-34 + (3 - -22) + (-4 - 0))?
73
Evaluate (23 - 9 - 12 - 4) + 4.
2
What is the value of 781 + -814 + (114 - 1) - 9?
71
Evaluate -67 + -12 + -24 - (-19 + -2).
-82
Calculate 8 + -2 + (82 - 78).
10
What is the value of 124 + -57 + -41 - 11?
15
Calculate 141 + -395 + 222 - (0 + (-1 - -1) + 7).
-39
What is the value of 476 + -494 - (3 - -6)?
-27
-14 + (-6 - (-13 - (10 + (-11 - -24))))
16
What is (23 - (-30 + 42)) + (-65 - -51)?
-3
Evaluate -38 - (-4 - -6) - (-4120 - -4033).
47
-22 + (24 - (60 - 30))
-28
Calculate -42 - 37 - 82 - -79.
-82
What is the value of (-9 - (23 - 17 - 2)) + 28 + 2?
17
Calculate (3 - -1) + -7 + (-359 + 89 - -142).
-131
-33 + 5 + 20 + 4 - (-12 + -1)
9
Calculate 44 - ((12 - (-7 - -36)) + 7).
54
What is (2 - -20) + -1 + -3501 + 3481?
1
-118 - (-82 + 45 - (-17 - 14))
-112
Calculate 38 - (1 + 21 - 46 - -18).
44
12 - (119 - -5) - -231
119
What is the value of -75 - (-71 - (-64 + 88))?
20
Calculate -50 + (-11 - 0) + 67 + -42 + -3.
-39
Calculate -17 - (1 - 0 - 0) - (-64 + 36 + 25).
-15
Evaluate -29 + (-88 - 2 - -180).
61
Evaluate (-6 - -4 - (-3 - 1)) + 10 + -4.
8
Evaluate 2 - (-6 + 0) - -1 - 15 - -23.
17
Calculate (-2 - 66) + (-6 - (-1 + 15 - (143 - 114))).
-59
Evaluate -33 + 37 + 57 + (4 - -8).
73
-503 + 500 - ((0 - 37) + -1) - -13
48
38 - (-8 - (-8 - (-28 + 1)))
65
Calculate -222 - -219 - (-3 + 82) - 13 - 7.
-102
Evaluate 4615 - 4541 - (112 + -3).
-35
49 + -3 - (254 + -208)
0
What is the value of -17 + -15 + 34 + 1 + 3 + -51?
-45
Evaluate 31 + -34 + -75 - -66.
-12
Evaluate -15 - 32 - -97 - -9.
59
Evaluate 0 + 22 - (-220 - -84 - -94).
64
What is the value of (19 - 0 - (-155 - -203)) + -31?
-60
Evaluate -1 + (7 - 3) + -33 + (-2672 - -2682).
-20
Calculate -38 - (-17 - (19 + -16) - -11).
-29
10 - ((-10 - -11) + (1 - -3) - (-77 + 89))
17
What is -4 - (-7 - -2 - (6 - (6 - 7 - -3)))?
5
Calculate 106 + (1 + 13 - 1) + (-2176 - -2150).
93
Evaluate -9072 + 9166 - (-2 + 24 + 2).
70
What is (-7 - (-12 + 0 + 13 - 11)) + -79 - -11?
-65
Calculate -2 - (2 - (6 - -1)) - (-10 + -6 - -9).
10
What is the value of 20 - -48 - 14 - (68 - 97)?
83
Calculate 75 + (-142 - -159) + (-13 - -5).
84
Calculate 24 + (22 - 31) + -25 + -53.
-63
What is the value of 3 + (-15 - 1) + 63?
50
Evaluate (9 - 3 - (4 + -5)) + (-54 - (-9 - 8)).
-30
Calculate -12626 - -12673 - (0 - (0 + 8)).
55
What is the value of (5 - 6) + 70 + 13 + -14 + 11 + -16?
63
What is 15 + -24 + -1 + 87 + -12 + 22?
87
What is -27 - -15 - (100 + -88)?
-24
Calculate (-19 - 106) + 34 + -9 - -12.
-88
Evaluate (-4 - (3 + -17 + -3)) + (9 - (-30 - -36)).
16
What is the value of -21 + (0 - (-6 + -9)) + (2 - 2 - 20)?
-26
Calculate -60 - ((18 - -5) + (-62 - -26) + 12).
-59
What is the value of (59 + (-45 - -12) - 17) + -25?
-16
What is 20 + -52 + 17 + 25?
10
45 + (-26 - -48 - 34) + 98
131
What is (-1 - 99 - -190) + -129?
-39
Evaluate (-4 - 15 - -10) + 7 + 25 + 4 + -1.
26
What is the value of -2 + 6 + 4 + (20 - (8 + 3 + -9))?
26
What is the value of (5 + -24 + 16 - (-1 - -1) - 38) + -6?
-47
What is the value of 92 - -10 - (-22 + 76)?
48
What is the value of 2 - 2 - (-10 - -5) - 2 - (-284 + 222)?
65
What is the value of (-80 - (-36 - 65)) + -126?
-105
Calculate 7 - (-23 + -13 + 54).
-11
What is the value of ((-22 - -11) + 17 - (14 + 4)) + -13?
-25
What is the value of 0 + 2 - 2 - (11 + -4 + (41 - 43))?
-5
What is the value of -3 + (-3 + 9 - 5) + -14 - -78?
62
What is (-7 - -1) + -10 + 32 + -24 + 18?
10
(-47 - (35 + -99)) + -41
-24
Calculate -26 + (597 - 550) + 0 + -22.
-1
What is 43 + 0 + -2 - ((59 - 83) + (34 - 8))?
39
Calculate 5 + 2 - (-2628 - -2656).
-21
Calculate 8 + 17 + -1 + -13 + -5.
6
1 + -2 + (-2 - (8 - (-1 - -24)))
12
What is 22 + (-23 - 19) + 23?
3
0 + -82 - (-2 + 2 + -36 + 39)
-85
91 - (-8 + 44 - -53)
2
Evaluate 17 - 98 - (263 + -302).
-42
Calculate 14 - (21 + (20 - 50)) - -4.
27
Evaluate 21 + -24 + 12 - (25 + -9).
-7
Evaluate -1 + -23 - (-10 - 7 - (5 - 20 - -6)).
-16
Calculate (-17 - 34 - (-10 - 7)) + 22.
-12
Evaluate 62 + -131 + 157 - 0.
88
What is the value of 10 - (3 + -1) - (-23 - (-18 + 35 - -21))?
69
Calculate -63 + 153 - (108 + -32).
14
(-4 - (1 - 1)) + (-180 + 117 - -82)
15
What is the value of -47 + (21 - -31) - (-5 - (5 - 26))?
-11
903 + -919 + (0 - (4 - -27))
-47
Calculate 11 - (-134 + 103) - 83.
-41
What is the value of (14 - 4) + 61 + -25 + -34?
12
What is the value of -73 - 1 - (57 + -30 + -27)?
-74
Calculate -2052 + 2168 - (30 + 3).
83
Evaluate 21 + (-32 - -4) + (119 - 94).
18
Evaluate (93 - 37) + 1 + -99.
-42
4 + 2 + 1 - (-90 - (33 + -52 + 28))
106
Calculate 6 - (38 - (-4 - -15)).
-21
What is -20 - ((-3 - (21 + -32)) + -17) - 74?
-85
30 + -37 + (-59 - -57)
-9
-38 - -157 - 231 - -125
13
What is the value of 34 + 26 + 22 - 95?
-13
Calculate 0 + -40 - 9 - (-8 + -25 + 28).
-44
What is -12 + -2 - (109 + 4 + (3 - -2 - 4))?
-128
Calculate (12 - (-107 + 121)) + (-10 - -1) + 8.
-3
Evaluate 13 + -71 - -9 - (-20 - -4 - (-27 + 11)).
-49
Calculate 18 + (3 - (25 - (19 + -17))) - 52.
-54
What is the value of -18 - ((5 - 42) + 15 + 35)?
-31
What is the value of -13 + 70 - (-37 - -96)?
-2
Evaluate 183 + -172 - (22 - -36).
-47
Evaluate (219 - 363) + (79 - -1).
-64
Evaluate 16 - 7 - (0 - -3) - -57 - (20 - 12).
55
(-16 - (11 + -30 + 6)) + -26
-29
What is the value of -2 + 45 + 12 + (-183 + 172 - (-2 + 1))?
45
Evaluate -2 + (24 + -20 - (-46 - (6 - (2 - -7)))).
45
-15 - (-19 - 2 - (17 - (-33 - -14)))
42
-19 - 1 - -8 - (8 + -4)
-16
What is -40 - (-8 + 130) - -315?
153
Evaluate (-2 - (0 + 11)) + 11471 + -11470.
-12
What is the value of 3557 + -3547 + 104 + (2 - 0) - 18?
98
Evaluate -11 + (-34 + 37 + 120 + 4 - (-2 + 1)).
117
26 - (-118 - -40) - (41 - 3)
66
-63 + 38 - (32 + -15)
-42
What is 227 + -199 - (-6 - (-1 - 3))?
30
0 - (0 - 0 - 1) - (-29 + 74)
-44
Calculate -150 + 186 + (-112 - -33).
-43
Calculate -125 - (-76 + 34) - -131.
48
173 - 126 - 15 - 54
-22
Calculate (-3 - (-1 + -3 - (38 + -39))) + -3 + -13.
-16
-6 - 3 - (-84 - (-87 + 88))
76
What is the value of (1 - 36) + 1475 + -1432?
8
Evaluate -1642 - -1646 - (10 + 2 + -1) - 54.
-61
Calculate -15 + 27 - (8 - (-1 + 10)).
13
-2 + -2 - (2 + -7 + -1 + -21 + 15)
8
Evaluate (-1 - -23) + (-6 - -41)